{"id":11,"date":"2022-03-28T12:12:02","date_gmt":"2022-03-28T12:12:02","guid":{"rendered":"https:\/\/www.simref.net\/photovoice\/?page_id=11"},"modified":"2022-07-25T09:13:46","modified_gmt":"2022-07-25T09:13:46","slug":"qui-som","status":"publish","type":"page","link":"http:\/\/www.innovaciondocentegenero.eu\/photovoice\/es\/qui-som\/","title":{"rendered":"Qui\u00e9nes somos"},"content":{"rendered":"\n<p class=\"has-black-color has-text-color\"><strong>Coordinadoras<\/strong><\/p>\n\n\n\n<ul class=\"has-black-color has-text-color wp-block-list\"><li><a href=\"https:\/\/iris.urv.cat\/cat\/ipublic\/researcher\/321920\">Barbara Biglia<\/a>. GREDI Grupo de Investigaci\u00f3n en Educaci\u00f3n Intercultural. Universitat Rovira i Virgili (URV). (IP)<\/li><li><a href=\"https:\/\/iris.urv.cat\/cat\/ipublic\/researcher\/332782\">Aloe Cubero<\/a><strong>.<\/strong> GREDI Grupo de Investigaci\u00f3n en Educaci\u00f3n Intercultural. Universitat Rovira i Virgili (URV).<\/li><\/ul>\n\n\n\n<p class=\"has-black-color has-text-color\"><strong>Contenido materiales y evaluaci\u00f3n<\/strong><\/p>\n\n\n\n<ul class=\"has-black-color has-text-color wp-block-list\"><li><strong>Alejandra Araiza.<\/strong>&nbsp;SoC Escenarios de Comunicaci\u00f3n. Universidad Aut\u00f3noma del Estado de Hidalgo (M\u00e9xico)<\/li><li><strong>Jordi Bonet<\/strong>. Universitat de Barcelona (UB).<\/li><li><strong>Roc\u00edo Garrido.<\/strong>&nbsp;CESPYD Coalici\u00f3n por el estudio de la Salud, el poder y la diversidad. Universidad de Sevilla (US).<\/li><li><strong>Mindy Blaise.<\/strong>&nbsp;FEAS Feminist Educators Against Sexism. Edith Cowan University (ECU).<\/li><li><strong>Jo Pollitt.<\/strong>&nbsp;FEAS Feminist Educators Against Sexism. Edith Cowan University (ECU)<\/li><li><strong>Emily Gray.<\/strong>&nbsp;FEAS Feminist Educators Against Sexism. Royal Melbourne Institute of Technology (RMIT).<\/li><li><strong>Josephine Cornell<\/strong>. MaHRU South African Medical Research Council Masculinity and Health. University of South Africa (UNISA).<\/li><\/ul>\n\n\n\n<p class=\"has-black-color has-text-color\"><strong>Experimentaci\u00f3n del COIL<\/strong><\/p>\n\n\n\n<ul class=\"has-black-color has-text-color wp-block-list\"><li><strong>Esther Luna.<\/strong>&nbsp;GREDI Grupo de Investigaci\u00f3n en Educaci\u00f3n Intercultural. Universitat de Barcelona (UB)<\/li><li><strong>Mar\u00eda Jos\u00e9 Rubio<\/strong>. Cibersomosaguas. Universidad Complutense de Madrid (UCM)<\/li><li><strong>Beatriz Soria<\/strong>&nbsp;(UNCuyo, Argentina)<\/li><li><strong>Alejandra Araiza.<\/strong>&nbsp;SoC Escenarios de Comunicaci\u00f3n. Universidad Aut\u00f3noma del Estado de Hidalgo (M\u00e9xico)<\/li><\/ul>\n\n\n\n<p class=\"has-black-color has-text-color\"><strong>Exposici\u00f3n, idiomas y difracci\u00f3n<\/strong><\/p>\n\n\n\n<ul class=\"has-black-color has-text-color wp-block-list\"><li><strong>Elena Fraj.<\/strong>&nbsp;IMARTE, Grupo de investigaci\u00f3n, arte, ciencia y tecnolog\u00eda. Universitat de Barcelona (UB).<\/li><li><strong>Dolores Pulido<\/strong>. Novembre Feminista (Ca la Dona). Universitat de Barcelona (UB).<\/li><li><strong>Apen Ru\u00edz.<\/strong>&nbsp;GAPP Grup d\u2019 Arqueolog\u00eda P\u00fablica i Patrimonio. Universitat Internacional de Catalunya (UIC).<\/li><li><strong>In\u00e9s Garc\u00eda.<\/strong>&nbsp;Escola Bloom. Universitat Rovira i Virgili (URV).<\/li><li><strong>Txell Bacardit.<\/strong>&nbsp;IES F. Ribalta (Solsona).<\/li><\/ul>\n\n\n\n<p class=\"has-black-color has-text-color\"><strong>Colaboradoras<\/strong><\/p>\n\n\n\n<p class=\"has-black-color has-text-color\">Mila Amurrio (UPV)<\/p>\n\n\n\n<p class=\"has-black-color has-text-color\">\u00c1ngela Mar\u00eda Obeso Rodr\u00edguez (URV). <strong>(Soporte t\u00e9cnico)<span style=\"color:#000000\" class=\"tadv-color\">.<\/span><\/strong><\/p>\n\n\n\n<p><strong><a href=\"http:\/\/www.innovaciondocentegenero.eu\/photovoice\/wp-content\/uploads\/2022\/05\/Captura-de-pantalla-2022-05-23-a-las-18.57.00.png\">Grupos colaboradores<\/a><\/strong><\/p>\n\n\n\n<p><span style=\"color: #000000;\">&nbsp;<\/span><\/p>\n","protected":false},"excerpt":{"rendered":"<p>Coordinadoras Barbara Biglia. GREDI Grupo de Investigaci\u00f3n en Educaci\u00f3n Intercultural. Universitat Rovira i Virgili (URV). (IP) Aloe Cubero. GREDI Grupo de Investigaci\u00f3n en Educaci\u00f3n Intercultural. Universitat Rovira i Virgili (URV).<a href=\"http:\/\/www.innovaciondocentegenero.eu\/photovoice\/es\/qui-som\/\">&#8230;Read More<\/a><\/p>\n","protected":false},"author":2,"featured_media":0,"parent":0,"menu_order":6,"comment_status":"closed","ping_status":"closed","template":"page-fullwidth.php","meta":{"_acf_changed":false,"pgc_sgb_lightbox_settings":"","footnotes":""},"class_list":["post-11","page","type-page","status-publish","hentry"],"acf":[],"yoast_head":"<!-- This site is optimized with the Yoast SEO plugin v27.5 - https:\/\/yoast.com\/product\/yoast-seo-wordpress\/ -->\n<title>Qui\u00e9nes somos -<\/title>\n<meta name=\"robots\" content=\"index, follow, max-snippet:-1, max-image-preview:large, max-video-preview:-1\" \/>\n<link rel=\"canonical\" href=\"http:\/\/www.innovaciondocentegenero.eu\/photovoice\/es\/qui-som\/\" \/>\n<meta property=\"og:locale\" content=\"es_ES\" \/>\n<meta property=\"og:type\" content=\"article\" \/>\n<meta property=\"og:title\" content=\"Qui\u00e9nes somos -\" \/>\n<meta property=\"og:description\" content=\"Coordinadoras Barbara Biglia. GREDI Grupo de Investigaci\u00f3n en Educaci\u00f3n Intercultural. Universitat Rovira i Virgili (URV). (IP) Aloe Cubero. GREDI Grupo de Investigaci\u00f3n en Educaci\u00f3n Intercultural. Universitat Rovira i Virgili (URV)....Read More\" \/>\n<meta property=\"og:url\" content=\"http:\/\/www.innovaciondocentegenero.eu\/photovoice\/es\/qui-som\/\" \/>\n<meta property=\"article:modified_time\" content=\"2022-07-25T09:13:46+00:00\" \/>\n<meta name=\"twitter:card\" content=\"summary_large_image\" \/>\n<meta name=\"twitter:label1\" content=\"Tiempo de lectura\" \/>\n\t<meta name=\"twitter:data1\" content=\"2 minutos\" \/>\n<script type=\"application\/ld+json\" class=\"yoast-schema-graph\">{\"@context\":\"https:\\\/\\\/schema.org\",\"@graph\":[{\"@type\":\"WebPage\",\"@id\":\"http:\\\/\\\/www.innovaciondocentegenero.eu\\\/photovoice\\\/es\\\/qui-som\\\/\",\"url\":\"http:\\\/\\\/www.innovaciondocentegenero.eu\\\/photovoice\\\/es\\\/qui-som\\\/\",\"name\":\"Qui\u00e9nes somos -\",\"isPartOf\":{\"@id\":\"http:\\\/\\\/www.innovaciondocentegenero.eu\\\/photovoice\\\/#website\"},\"datePublished\":\"2022-03-28T12:12:02+00:00\",\"dateModified\":\"2022-07-25T09:13:46+00:00\",\"breadcrumb\":{\"@id\":\"http:\\\/\\\/www.innovaciondocentegenero.eu\\\/photovoice\\\/es\\\/qui-som\\\/#breadcrumb\"},\"inLanguage\":\"es\",\"potentialAction\":[{\"@type\":\"ReadAction\",\"target\":[\"http:\\\/\\\/www.innovaciondocentegenero.eu\\\/photovoice\\\/es\\\/qui-som\\\/\"]}]},{\"@type\":\"BreadcrumbList\",\"@id\":\"http:\\\/\\\/www.innovaciondocentegenero.eu\\\/photovoice\\\/es\\\/qui-som\\\/#breadcrumb\",\"itemListElement\":[{\"@type\":\"ListItem\",\"position\":1,\"name\":\"Portada\",\"item\":\"http:\\\/\\\/www.innovaciondocentegenero.eu\\\/photovoice\\\/ca\\\/el-projecte\\\/\"},{\"@type\":\"ListItem\",\"position\":2,\"name\":\"Qui\u00e9nes somos\"}]},{\"@type\":\"WebSite\",\"@id\":\"http:\\\/\\\/www.innovaciondocentegenero.eu\\\/photovoice\\\/#website\",\"url\":\"http:\\\/\\\/www.innovaciondocentegenero.eu\\\/photovoice\\\/\",\"name\":\"\",\"description\":\"\",\"potentialAction\":[{\"@type\":\"SearchAction\",\"target\":{\"@type\":\"EntryPoint\",\"urlTemplate\":\"http:\\\/\\\/www.innovaciondocentegenero.eu\\\/photovoice\\\/?s={search_term_string}\"},\"query-input\":{\"@type\":\"PropertyValueSpecification\",\"valueRequired\":true,\"valueName\":\"search_term_string\"}}],\"inLanguage\":\"es\"}]}<\/script>\n<!-- \/ Yoast SEO plugin. -->","yoast_head_json":{"title":"Qui\u00e9nes somos -","robots":{"index":"index","follow":"follow","max-snippet":"max-snippet:-1","max-image-preview":"max-image-preview:large","max-video-preview":"max-video-preview:-1"},"canonical":"http:\/\/www.innovaciondocentegenero.eu\/photovoice\/es\/qui-som\/","og_locale":"es_ES","og_type":"article","og_title":"Qui\u00e9nes somos -","og_description":"Coordinadoras Barbara Biglia. GREDI Grupo de Investigaci\u00f3n en Educaci\u00f3n Intercultural. Universitat Rovira i Virgili (URV). (IP) Aloe Cubero. GREDI Grupo de Investigaci\u00f3n en Educaci\u00f3n Intercultural. Universitat Rovira i Virgili (URV)....Read More","og_url":"http:\/\/www.innovaciondocentegenero.eu\/photovoice\/es\/qui-som\/","article_modified_time":"2022-07-25T09:13:46+00:00","twitter_card":"summary_large_image","twitter_misc":{"Tiempo de lectura":"2 minutos"},"schema":{"@context":"https:\/\/schema.org","@graph":[{"@type":"WebPage","@id":"http:\/\/www.innovaciondocentegenero.eu\/photovoice\/es\/qui-som\/","url":"http:\/\/www.innovaciondocentegenero.eu\/photovoice\/es\/qui-som\/","name":"Qui\u00e9nes somos -","isPartOf":{"@id":"http:\/\/www.innovaciondocentegenero.eu\/photovoice\/#website"},"datePublished":"2022-03-28T12:12:02+00:00","dateModified":"2022-07-25T09:13:46+00:00","breadcrumb":{"@id":"http:\/\/www.innovaciondocentegenero.eu\/photovoice\/es\/qui-som\/#breadcrumb"},"inLanguage":"es","potentialAction":[{"@type":"ReadAction","target":["http:\/\/www.innovaciondocentegenero.eu\/photovoice\/es\/qui-som\/"]}]},{"@type":"BreadcrumbList","@id":"http:\/\/www.innovaciondocentegenero.eu\/photovoice\/es\/qui-som\/#breadcrumb","itemListElement":[{"@type":"ListItem","position":1,"name":"Portada","item":"http:\/\/www.innovaciondocentegenero.eu\/photovoice\/ca\/el-projecte\/"},{"@type":"ListItem","position":2,"name":"Qui\u00e9nes somos"}]},{"@type":"WebSite","@id":"http:\/\/www.innovaciondocentegenero.eu\/photovoice\/#website","url":"http:\/\/www.innovaciondocentegenero.eu\/photovoice\/","name":"","description":"","potentialAction":[{"@type":"SearchAction","target":{"@type":"EntryPoint","urlTemplate":"http:\/\/www.innovaciondocentegenero.eu\/photovoice\/?s={search_term_string}"},"query-input":{"@type":"PropertyValueSpecification","valueRequired":true,"valueName":"search_term_string"}}],"inLanguage":"es"}]}},"_links":{"self":[{"href":"http:\/\/www.innovaciondocentegenero.eu\/photovoice\/wp-json\/wp\/v2\/pages\/11","targetHints":{"allow":["GET"]}}],"collection":[{"href":"http:\/\/www.innovaciondocentegenero.eu\/photovoice\/wp-json\/wp\/v2\/pages"}],"about":[{"href":"http:\/\/www.innovaciondocentegenero.eu\/photovoice\/wp-json\/wp\/v2\/types\/page"}],"author":[{"embeddable":true,"href":"http:\/\/www.innovaciondocentegenero.eu\/photovoice\/wp-json\/wp\/v2\/users\/2"}],"replies":[{"embeddable":true,"href":"http:\/\/www.innovaciondocentegenero.eu\/photovoice\/wp-json\/wp\/v2\/comments?post=11"}],"version-history":[{"count":11,"href":"http:\/\/www.innovaciondocentegenero.eu\/photovoice\/wp-json\/wp\/v2\/pages\/11\/revisions"}],"predecessor-version":[{"id":960,"href":"http:\/\/www.innovaciondocentegenero.eu\/photovoice\/wp-json\/wp\/v2\/pages\/11\/revisions\/960"}],"wp:attachment":[{"href":"http:\/\/www.innovaciondocentegenero.eu\/photovoice\/wp-json\/wp\/v2\/media?parent=11"}],"curies":[{"name":"wp","href":"https:\/\/api.w.org\/{rel}","templated":true}]}}

Quiénes somos

<p class="has-black-color has-text-color"><strong>Coordinadoras</strong></p>



<ul class="has-black-color has-text-color wp-block-list"><li><a href="https://iris.urv.cat/cat/ipublic/researcher/321920">Barbara Biglia</a>. GREDI Grupo de Investigación en Educación Intercultural. Universitat Rovira i Virgili (URV). (IP)</li><li><a href="https://iris.urv.cat/cat/ipublic/researcher/332782">Aloe Cubero</a><strong>.</strong> GREDI Grupo de Investigación en Educación Intercultural. Universitat Rovira i Virgili (URV).</li></ul>



<p class="has-black-color has-text-color"><strong>Contenido materiales y evaluación</strong></p>



<ul class="has-black-color has-text-color wp-block-list"><li><strong>Alejandra Araiza.</strong>&nbsp;SoC Escenarios de Comunicación. Universidad Autónoma del Estado de Hidalgo (México)</li><li><strong>Jordi Bonet</strong>. Universitat de Barcelona (UB).</li><li><strong>Rocío Garrido.</strong>&nbsp;CESPYD Coalición por el estudio de la Salud, el poder y la diversidad. Universidad de Sevilla (US).</li><li><strong>Mindy Blaise.</strong>&nbsp;FEAS Feminist Educators Against Sexism. Edith Cowan University (ECU).</li><li><strong>Jo Pollitt.</strong>&nbsp;FEAS Feminist Educators Against Sexism. Edith Cowan University (ECU)</li><li><strong>Emily Gray.</strong>&nbsp;FEAS Feminist Educators Against Sexism. Royal Melbourne Institute of Technology (RMIT).</li><li><strong>Josephine Cornell</strong>. MaHRU South African Medical Research Council Masculinity and Health. University of South Africa (UNISA).</li></ul>



<p class="has-black-color has-text-color"><strong>Experimentación del COIL</strong></p>



<ul class="has-black-color has-text-color wp-block-list"><li><strong>Esther Luna.</strong>&nbsp;GREDI Grupo de Investigación en Educación Intercultural. Universitat de Barcelona (UB)</li><li><strong>María José Rubio</strong>. Cibersomosaguas. Universidad Complutense de Madrid (UCM)</li><li><strong>Beatriz Soria</strong>&nbsp;(UNCuyo, Argentina)</li><li><strong>Alejandra Araiza.</strong>&nbsp;SoC Escenarios de Comunicación. Universidad Autónoma del Estado de Hidalgo (México)</li></ul>



<p class="has-black-color has-text-color"><strong>Exposición, idiomas y difracción</strong></p>



<ul class="has-black-color has-text-color wp-block-list"><li><strong>Elena Fraj.</strong>&nbsp;IMARTE, Grupo de investigación, arte, ciencia y tecnología. Universitat de Barcelona (UB).</li><li><strong>Dolores Pulido</strong>. Novembre Feminista (Ca la Dona). Universitat de Barcelona (UB).</li><li><strong>Apen Ruíz.</strong>&nbsp;GAPP Grup d’ Arqueología Pública i Patrimonio. Universitat Internacional de Catalunya (UIC).</li><li><strong>Inés García.</strong>&nbsp;Escola Bloom. Universitat Rovira i Virgili (URV).</li><li><strong>Txell Bacardit.</strong>&nbsp;IES F. Ribalta (Solsona).</li></ul>



<p class="has-black-color has-text-color"><strong>Colaboradoras</strong></p>



<p class="has-black-color has-text-color">Mila Amurrio (UPV)</p>



<p class="has-black-color has-text-color">Ángela María Obeso Rodríguez (URV). <strong>(Soporte técnico)<span style="color:#000000" class="tadv-color">.</span></strong></p>



<p><strong><a href="http://www.innovaciondocentegenero.eu/photovoice/wp-content/uploads/2022/05/Captura-de-pantalla-2022-05-23-a-las-18.57.00.png">Grupos colaboradores</a></strong></p>



<p><span style="color: #000000;">&nbsp;</span></p>

<p>Coordinadoras Barbara Biglia. GREDI Grupo de Investigación en Educación Intercultural. Universitat Rovira i Virgili (URV). (IP) Aloe Cubero. GREDI Grupo de Investigación en Educación Intercultural. Universitat Rovira i Virgili (URV).<a href="http://www.innovaciondocentegenero.eu/photovoice/es/qui-som/">&#8230;Read More</a></p>

<!-- This site is optimized with the Yoast SEO plugin v27.5 - https://yoast.com/product/yoast-seo-wordpress/ -->
<title>Quiénes somos -</title>
<meta name="robots" content="index, follow, max-snippet:-1, max-image-preview:large, max-video-preview:-1" />
<link rel="canonical" href="http://www.innovaciondocentegenero.eu/photovoice/es/qui-som/" />
<meta property="og:locale" content="es_ES" />
<meta property="og:type" content="article" />
<meta property="og:title" content="Quiénes somos -" />
<meta property="og:description" content="Coordinadoras Barbara Biglia. GREDI Grupo de Investigación en Educación Intercultural. Universitat Rovira i Virgili (URV). (IP) Aloe Cubero. GREDI Grupo de Investigación en Educación Intercultural. Universitat Rovira i Virgili (URV)....Read More" />
<meta property="og:url" content="http://www.innovaciondocentegenero.eu/photovoice/es/qui-som/" />
<meta property="article:modified_time" content="2022-07-25T09:13:46+00:00" />
<meta name="twitter:card" content="summary_large_image" />
<meta name="twitter:label1" content="Tiempo de lectura" />
	<meta name="twitter:data1" content="2 minutos" />
<script type="application/ld+json" class="yoast-schema-graph">{"@context":"https:\/\/schema.org","@graph":[{"@type":"WebPage","@id":"http:\/\/www.innovaciondocentegenero.eu\/photovoice\/es\/qui-som\/","url":"http:\/\/www.innovaciondocentegenero.eu\/photovoice\/es\/qui-som\/","name":"Quiénes somos -","isPartOf":{"@id":"http:\/\/www.innovaciondocentegenero.eu\/photovoice\/#website"},"datePublished":"2022-03-28T12:12:02+00:00","dateModified":"2022-07-25T09:13:46+00:00","breadcrumb":{"@id":"http:\/\/www.innovaciondocentegenero.eu\/photovoice\/es\/qui-som\/#breadcrumb"},"inLanguage":"es","potentialAction":[{"@type":"ReadAction","target":["http:\/\/www.innovaciondocentegenero.eu\/photovoice\/es\/qui-som\/"]}]},{"@type":"BreadcrumbList","@id":"http:\/\/www.innovaciondocentegenero.eu\/photovoice\/es\/qui-som\/#breadcrumb","itemListElement":[{"@type":"ListItem","position":1,"name":"Portada","item":"http:\/\/www.innovaciondocentegenero.eu\/photovoice\/ca\/el-projecte\/"},{"@type":"ListItem","position":2,"name":"Quiénes somos"}]},{"@type":"WebSite","@id":"http:\/\/www.innovaciondocentegenero.eu\/photovoice\/#website","url":"http:\/\/www.innovaciondocentegenero.eu\/photovoice\/","name":"","description":"","potentialAction":[{"@type":"SearchAction","target":{"@type":"EntryPoint","urlTemplate":"http:\/\/www.innovaciondocentegenero.eu\/photovoice\/?s={search_term_string}"},"query-input":{"@type":"PropertyValueSpecification","valueRequired":true,"valueName":"search_term_string"}}],"inLanguage":"es"}]}</script>
<!-- / Yoast SEO plugin. -->

Quiénes somos -

Coordinadoras Barbara Biglia. GREDI Grupo de Investigación en Educación Intercultural. Universitat Rovira i Virgili (URV). (IP) Aloe Cubero. GREDI Grupo de Investigación en Educación Intercultural. Universitat Rovira i Virgili (URV)....Read More
