{"id":113,"date":"2022-05-16T11:07:08","date_gmt":"2022-05-16T11:07:08","guid":{"rendered":"https:\/\/www.simref.net\/photovoice\/?page_id=113"},"modified":"2022-07-25T09:56:12","modified_gmt":"2022-07-25T09:56:12","slug":"articulos-congresos-y-formaciones","status":"publish","type":"page","link":"http:\/\/www.innovaciondocentegenero.eu\/photovoice\/es\/articulos-congresos-y-formaciones\/","title":{"rendered":"Difracciones"},"content":{"rendered":"\n<div class=\"wp-block-columns is-layout-flex wp-container-core-columns-is-layout-9d6595d7 wp-block-columns-is-layout-flex\">\n<div class=\"wp-block-column is-layout-flow wp-block-column-is-layout-flow\">\n<p class=\"has-black-color has-text-color\" id=\"tw-target-text\"><strong>27 octubre 2022. <\/strong> Participaci\u00f3n en las \u201cJornadas virtuales FES: Ense\u00f1anza en ciencias sociales e innovaci\u00f3n docente en perspectiva feminista\u201d presentando los resultados del proyecto  (Aloe Cubero) y elementos pedag\u00f3gicos para la ense\u00f1anza de las violencias de g\u00e9nero (Barbara Biglia).<\/p>\n\n\n\n<p class=\"has-black-color has-text-color\" id=\"tw-target-text\"><strong>11-20 octubre 2022<\/strong>. \u201cFormaci\u00f3n photovoice y violencias de g\u00e9nero\u201d en el Instituto de Ciencias de la Educaci\u00f3n de la Universidad de Sevilla Aloe Cubero y Rocio Garrido.<\/p>\n\n\n\n<p class=\"has-black-color has-text-color\"><strong>21-24 septiembre 2022.<\/strong> 9ICCP NAPLES 2022 Congreso Internacional de Psicolog\u00eda Comunitaria. Presentaci\u00f3n de la comunicaci\u00f3n \u00abInvolving youth against Gender Related Violence through Photovoice: an international experience with Spanish, Mexico and Argentinian university students\u00bb, sobre las experiencias de COIL y photovoice desarrolladas dentro del proyecto marco.<\/p>\n\n\n\n<p class=\"has-black-color has-text-color\"><strong>2 junio 2022.<\/strong>  Jornadas finales del proyecto donde presentamos su resultados principales. Con la participaci\u00f3n de la compa\u00f1eras australianas del Feminist Educators Against Sexism (FEAS) as\u00ed como de las estudiantes y las profesoras implicadas en las experiencias de COIL y presentamos los principales resultados del proyecto. Puedes ver los v\u00eddeos de las jornadas <a href=\"http:\/\/www.innovaciondocentegenero.eu\/photovoice\/ca\/jornades\/\" target=\"_blank\" rel=\"noreferrer noopener\">aqu\u00ed!<\/a><\/p>\n\n\n\n<p class=\"has-black-color has-text-color\"><strong>25, 26 y 27 de mayo 2022. <\/strong>Presentaci\u00f3n del poster<strong> <\/strong><a href=\"http:\/\/www.innovaciondocentegenero.eu\/photovoice\/wp-content\/uploads\/2022\/07\/Captura-de-pantalla-2022-07-06-a-las-16.37.48.png\">\u00abAbordajes de las violencias sexuales y de g\u00e9nero a trav\u00e9s del photovoice en el contexto universitario\u00bb (Aloe Cubero and Barbara Biglia) VI International Congress on Pedagogical Innovation and Educational Praxis INNOVAGOGIA<\/a>.<\/p>\n\n\n\n<p class=\"has-black-color has-text-color\"><strong>11-25 febrero 2022<\/strong>. Formaci\u00f3n a profesorado del MIDE de la Universidad de Barcelona para aprender a dise\u00f1ar e implementar un proceso de photovoice en el aula. Objetivos espec\u00edficos: (1) Conocer los fundamentos te\u00f3ricos del photovoice y sus posibles usos (y.e. como t\u00e9cnica de investigaci\u00f3n-acci\u00f3n participativa en el trabajo comunitario, como herramienta pedag\u00f3gica, etc.) a trav\u00e9s de la presentaci\u00f3n de distintos ejemplos pr\u00e1cticos; (2) Experimentar un proceso de photovoice pasando por todas las fases (e.e. reflexi\u00f3n individual, trabajo grupal, an\u00e1lisis participativo, etc.), favoreciendo as\u00ed el aprendizaje del proceso de implementaci\u00f3n; y (3) Analizar y reflexionar colectivamente sobre las potencialidades y limitaciones del photovoice a trav\u00e9s de debates metodol\u00f3gicos.<\/p>\n\n\n\n<p><\/p>\n<\/div>\n<\/div>\n","protected":false},"excerpt":{"rendered":"<p>27 octubre 2022. Participaci\u00f3n en las \u201cJornadas virtuales FES: Ense\u00f1anza en ciencias sociales e innovaci\u00f3n docente en perspectiva feminista\u201d presentando los resultados del proyecto (Aloe Cubero) y elementos pedag\u00f3gicos para<a href=\"http:\/\/www.innovaciondocentegenero.eu\/photovoice\/es\/articulos-congresos-y-formaciones\/\">&#8230;Read More<\/a><\/p>\n","protected":false},"author":2,"featured_media":0,"parent":0,"menu_order":4,"comment_status":"closed","ping_status":"closed","template":"page-fullwidth.php","meta":{"_acf_changed":false,"pgc_sgb_lightbox_settings":"","footnotes":""},"class_list":["post-113","page","type-page","status-publish","hentry"],"acf":[],"yoast_head":"<!-- This site is optimized with the Yoast SEO plugin v27.5 - https:\/\/yoast.com\/product\/yoast-seo-wordpress\/ -->\n<title>Difracciones -<\/title>\n<meta name=\"robots\" content=\"index, follow, max-snippet:-1, max-image-preview:large, max-video-preview:-1\" \/>\n<link rel=\"canonical\" href=\"http:\/\/www.innovaciondocentegenero.eu\/photovoice\/es\/articulos-congresos-y-formaciones\/\" \/>\n<meta property=\"og:locale\" content=\"es_ES\" \/>\n<meta property=\"og:type\" content=\"article\" \/>\n<meta property=\"og:title\" content=\"Difracciones -\" \/>\n<meta property=\"og:description\" content=\"27 octubre 2022. Participaci\u00f3n en las \u201cJornadas virtuales FES: Ense\u00f1anza en ciencias sociales e innovaci\u00f3n docente en perspectiva feminista\u201d presentando los resultados del proyecto (Aloe Cubero) y elementos pedag\u00f3gicos para...Read More\" \/>\n<meta property=\"og:url\" content=\"http:\/\/www.innovaciondocentegenero.eu\/photovoice\/es\/articulos-congresos-y-formaciones\/\" \/>\n<meta property=\"article:modified_time\" content=\"2022-07-25T09:56:12+00:00\" \/>\n<meta name=\"twitter:card\" content=\"summary_large_image\" \/>\n<meta name=\"twitter:label1\" content=\"Tiempo de lectura\" \/>\n\t<meta name=\"twitter:data1\" content=\"2 minutos\" \/>\n<script type=\"application\/ld+json\" class=\"yoast-schema-graph\">{\"@context\":\"https:\\\/\\\/schema.org\",\"@graph\":[{\"@type\":\"WebPage\",\"@id\":\"http:\\\/\\\/www.innovaciondocentegenero.eu\\\/photovoice\\\/es\\\/articulos-congresos-y-formaciones\\\/\",\"url\":\"http:\\\/\\\/www.innovaciondocentegenero.eu\\\/photovoice\\\/es\\\/articulos-congresos-y-formaciones\\\/\",\"name\":\"Difracciones -\",\"isPartOf\":{\"@id\":\"http:\\\/\\\/www.innovaciondocentegenero.eu\\\/photovoice\\\/#website\"},\"datePublished\":\"2022-05-16T11:07:08+00:00\",\"dateModified\":\"2022-07-25T09:56:12+00:00\",\"breadcrumb\":{\"@id\":\"http:\\\/\\\/www.innovaciondocentegenero.eu\\\/photovoice\\\/es\\\/articulos-congresos-y-formaciones\\\/#breadcrumb\"},\"inLanguage\":\"es\",\"potentialAction\":[{\"@type\":\"ReadAction\",\"target\":[\"http:\\\/\\\/www.innovaciondocentegenero.eu\\\/photovoice\\\/es\\\/articulos-congresos-y-formaciones\\\/\"]}]},{\"@type\":\"BreadcrumbList\",\"@id\":\"http:\\\/\\\/www.innovaciondocentegenero.eu\\\/photovoice\\\/es\\\/articulos-congresos-y-formaciones\\\/#breadcrumb\",\"itemListElement\":[{\"@type\":\"ListItem\",\"position\":1,\"name\":\"Portada\",\"item\":\"http:\\\/\\\/www.innovaciondocentegenero.eu\\\/photovoice\\\/ca\\\/el-projecte\\\/\"},{\"@type\":\"ListItem\",\"position\":2,\"name\":\"Difracciones\"}]},{\"@type\":\"WebSite\",\"@id\":\"http:\\\/\\\/www.innovaciondocentegenero.eu\\\/photovoice\\\/#website\",\"url\":\"http:\\\/\\\/www.innovaciondocentegenero.eu\\\/photovoice\\\/\",\"name\":\"\",\"description\":\"\",\"potentialAction\":[{\"@type\":\"SearchAction\",\"target\":{\"@type\":\"EntryPoint\",\"urlTemplate\":\"http:\\\/\\\/www.innovaciondocentegenero.eu\\\/photovoice\\\/?s={search_term_string}\"},\"query-input\":{\"@type\":\"PropertyValueSpecification\",\"valueRequired\":true,\"valueName\":\"search_term_string\"}}],\"inLanguage\":\"es\"}]}<\/script>\n<!-- \/ Yoast SEO plugin. -->","yoast_head_json":{"title":"Difracciones -","robots":{"index":"index","follow":"follow","max-snippet":"max-snippet:-1","max-image-preview":"max-image-preview:large","max-video-preview":"max-video-preview:-1"},"canonical":"http:\/\/www.innovaciondocentegenero.eu\/photovoice\/es\/articulos-congresos-y-formaciones\/","og_locale":"es_ES","og_type":"article","og_title":"Difracciones -","og_description":"27 octubre 2022. Participaci\u00f3n en las \u201cJornadas virtuales FES: Ense\u00f1anza en ciencias sociales e innovaci\u00f3n docente en perspectiva feminista\u201d presentando los resultados del proyecto (Aloe Cubero) y elementos pedag\u00f3gicos para...Read More","og_url":"http:\/\/www.innovaciondocentegenero.eu\/photovoice\/es\/articulos-congresos-y-formaciones\/","article_modified_time":"2022-07-25T09:56:12+00:00","twitter_card":"summary_large_image","twitter_misc":{"Tiempo de lectura":"2 minutos"},"schema":{"@context":"https:\/\/schema.org","@graph":[{"@type":"WebPage","@id":"http:\/\/www.innovaciondocentegenero.eu\/photovoice\/es\/articulos-congresos-y-formaciones\/","url":"http:\/\/www.innovaciondocentegenero.eu\/photovoice\/es\/articulos-congresos-y-formaciones\/","name":"Difracciones -","isPartOf":{"@id":"http:\/\/www.innovaciondocentegenero.eu\/photovoice\/#website"},"datePublished":"2022-05-16T11:07:08+00:00","dateModified":"2022-07-25T09:56:12+00:00","breadcrumb":{"@id":"http:\/\/www.innovaciondocentegenero.eu\/photovoice\/es\/articulos-congresos-y-formaciones\/#breadcrumb"},"inLanguage":"es","potentialAction":[{"@type":"ReadAction","target":["http:\/\/www.innovaciondocentegenero.eu\/photovoice\/es\/articulos-congresos-y-formaciones\/"]}]},{"@type":"BreadcrumbList","@id":"http:\/\/www.innovaciondocentegenero.eu\/photovoice\/es\/articulos-congresos-y-formaciones\/#breadcrumb","itemListElement":[{"@type":"ListItem","position":1,"name":"Portada","item":"http:\/\/www.innovaciondocentegenero.eu\/photovoice\/ca\/el-projecte\/"},{"@type":"ListItem","position":2,"name":"Difracciones"}]},{"@type":"WebSite","@id":"http:\/\/www.innovaciondocentegenero.eu\/photovoice\/#website","url":"http:\/\/www.innovaciondocentegenero.eu\/photovoice\/","name":"","description":"","potentialAction":[{"@type":"SearchAction","target":{"@type":"EntryPoint","urlTemplate":"http:\/\/www.innovaciondocentegenero.eu\/photovoice\/?s={search_term_string}"},"query-input":{"@type":"PropertyValueSpecification","valueRequired":true,"valueName":"search_term_string"}}],"inLanguage":"es"}]}},"_links":{"self":[{"href":"http:\/\/www.innovaciondocentegenero.eu\/photovoice\/wp-json\/wp\/v2\/pages\/113","targetHints":{"allow":["GET"]}}],"collection":[{"href":"http:\/\/www.innovaciondocentegenero.eu\/photovoice\/wp-json\/wp\/v2\/pages"}],"about":[{"href":"http:\/\/www.innovaciondocentegenero.eu\/photovoice\/wp-json\/wp\/v2\/types\/page"}],"author":[{"embeddable":true,"href":"http:\/\/www.innovaciondocentegenero.eu\/photovoice\/wp-json\/wp\/v2\/users\/2"}],"replies":[{"embeddable":true,"href":"http:\/\/www.innovaciondocentegenero.eu\/photovoice\/wp-json\/wp\/v2\/comments?post=113"}],"version-history":[{"count":13,"href":"http:\/\/www.innovaciondocentegenero.eu\/photovoice\/wp-json\/wp\/v2\/pages\/113\/revisions"}],"predecessor-version":[{"id":973,"href":"http:\/\/www.innovaciondocentegenero.eu\/photovoice\/wp-json\/wp\/v2\/pages\/113\/revisions\/973"}],"wp:attachment":[{"href":"http:\/\/www.innovaciondocentegenero.eu\/photovoice\/wp-json\/wp\/v2\/media?parent=113"}],"curies":[{"name":"wp","href":"https:\/\/api.w.org\/{rel}","templated":true}]}}

<div class="wp-block-columns is-layout-flex wp-container-core-columns-is-layout-9d6595d7 wp-block-columns-is-layout-flex">
<div class="wp-block-column is-layout-flow wp-block-column-is-layout-flow">
<p class="has-black-color has-text-color" id="tw-target-text"><strong>27 octubre 2022. </strong> Participación en las “Jornadas virtuales FES: Enseñanza en ciencias sociales e innovación docente en perspectiva feminista” presentando los resultados del proyecto  (Aloe Cubero) y elementos pedagógicos para la enseñanza de las violencias de género (Barbara Biglia).</p>



<p class="has-black-color has-text-color" id="tw-target-text"><strong>11-20 octubre 2022</strong>. “Formación photovoice y violencias de género” en el Instituto de Ciencias de la Educación de la Universidad de Sevilla Aloe Cubero y Rocio Garrido.</p>



<p class="has-black-color has-text-color"><strong>21-24 septiembre 2022.</strong> 9ICCP NAPLES 2022 Congreso Internacional de Psicología Comunitaria. Presentación de la comunicación «Involving youth against Gender Related Violence through Photovoice: an international experience with Spanish, Mexico and Argentinian university students», sobre las experiencias de COIL y photovoice desarrolladas dentro del proyecto marco.</p>



<p class="has-black-color has-text-color"><strong>2 junio 2022.</strong>  Jornadas finales del proyecto donde presentamos su resultados principales. Con la participación de la compañeras australianas del Feminist Educators Against Sexism (FEAS) así como de las estudiantes y las profesoras implicadas en las experiencias de COIL y presentamos los principales resultados del proyecto. Puedes ver los vídeos de las jornadas <a href="http://www.innovaciondocentegenero.eu/photovoice/ca/jornades/" target="_blank" rel="noreferrer noopener">aquí!</a></p>



<p class="has-black-color has-text-color"><strong>25, 26 y 27 de mayo 2022. </strong>Presentación del poster<strong> </strong><a href="http://www.innovaciondocentegenero.eu/photovoice/wp-content/uploads/2022/07/Captura-de-pantalla-2022-07-06-a-las-16.37.48.png">«Abordajes de las violencias sexuales y de género a través del photovoice en el contexto universitario» (Aloe Cubero and Barbara Biglia) VI International Congress on Pedagogical Innovation and Educational Praxis INNOVAGOGIA</a>.</p>



<p class="has-black-color has-text-color"><strong>11-25 febrero 2022</strong>. Formación a profesorado del MIDE de la Universidad de Barcelona para aprender a diseñar e implementar un proceso de photovoice en el aula. Objetivos específicos: (1) Conocer los fundamentos teóricos del photovoice y sus posibles usos (y.e. como técnica de investigación-acción participativa en el trabajo comunitario, como herramienta pedagógica, etc.) a través de la presentación de distintos ejemplos prácticos; (2) Experimentar un proceso de photovoice pasando por todas las fases (e.e. reflexión individual, trabajo grupal, análisis participativo, etc.), favoreciendo así el aprendizaje del proceso de implementación; y (3) Analizar y reflexionar colectivamente sobre las potencialidades y limitaciones del photovoice a través de debates metodológicos.</p>



<p></p>
</div>
</div>

<p>27 octubre 2022. Participación en las “Jornadas virtuales FES: Enseñanza en ciencias sociales e innovación docente en perspectiva feminista” presentando los resultados del proyecto (Aloe Cubero) y elementos pedagógicos para<a href="http://www.innovaciondocentegenero.eu/photovoice/es/articulos-congresos-y-formaciones/">&#8230;Read More</a></p>

<!-- This site is optimized with the Yoast SEO plugin v27.5 - https://yoast.com/product/yoast-seo-wordpress/ -->
<title>Difracciones -</title>
<meta name="robots" content="index, follow, max-snippet:-1, max-image-preview:large, max-video-preview:-1" />
<link rel="canonical" href="http://www.innovaciondocentegenero.eu/photovoice/es/articulos-congresos-y-formaciones/" />
<meta property="og:locale" content="es_ES" />
<meta property="og:type" content="article" />
<meta property="og:title" content="Difracciones -" />
<meta property="og:description" content="27 octubre 2022. Participación en las “Jornadas virtuales FES: Enseñanza en ciencias sociales e innovación docente en perspectiva feminista” presentando los resultados del proyecto (Aloe Cubero) y elementos pedagógicos para...Read More" />
<meta property="og:url" content="http://www.innovaciondocentegenero.eu/photovoice/es/articulos-congresos-y-formaciones/" />
<meta property="article:modified_time" content="2022-07-25T09:56:12+00:00" />
<meta name="twitter:card" content="summary_large_image" />
<meta name="twitter:label1" content="Tiempo de lectura" />
	<meta name="twitter:data1" content="2 minutos" />
<script type="application/ld+json" class="yoast-schema-graph">{"@context":"https:\/\/schema.org","@graph":[{"@type":"WebPage","@id":"http:\/\/www.innovaciondocentegenero.eu\/photovoice\/es\/articulos-congresos-y-formaciones\/","url":"http:\/\/www.innovaciondocentegenero.eu\/photovoice\/es\/articulos-congresos-y-formaciones\/","name":"Difracciones -","isPartOf":{"@id":"http:\/\/www.innovaciondocentegenero.eu\/photovoice\/#website"},"datePublished":"2022-05-16T11:07:08+00:00","dateModified":"2022-07-25T09:56:12+00:00","breadcrumb":{"@id":"http:\/\/www.innovaciondocentegenero.eu\/photovoice\/es\/articulos-congresos-y-formaciones\/#breadcrumb"},"inLanguage":"es","potentialAction":[{"@type":"ReadAction","target":["http:\/\/www.innovaciondocentegenero.eu\/photovoice\/es\/articulos-congresos-y-formaciones\/"]}]},{"@type":"BreadcrumbList","@id":"http:\/\/www.innovaciondocentegenero.eu\/photovoice\/es\/articulos-congresos-y-formaciones\/#breadcrumb","itemListElement":[{"@type":"ListItem","position":1,"name":"Portada","item":"http:\/\/www.innovaciondocentegenero.eu\/photovoice\/ca\/el-projecte\/"},{"@type":"ListItem","position":2,"name":"Difracciones"}]},{"@type":"WebSite","@id":"http:\/\/www.innovaciondocentegenero.eu\/photovoice\/#website","url":"http:\/\/www.innovaciondocentegenero.eu\/photovoice\/","name":"","description":"","potentialAction":[{"@type":"SearchAction","target":{"@type":"EntryPoint","urlTemplate":"http:\/\/www.innovaciondocentegenero.eu\/photovoice\/?s={search_term_string}"},"query-input":{"@type":"PropertyValueSpecification","valueRequired":true,"valueName":"search_term_string"}}],"inLanguage":"es"}]}</script>
<!-- / Yoast SEO plugin. -->

27 octubre 2022. Participación en las “Jornadas virtuales FES: Enseñanza en ciencias sociales e innovación docente en perspectiva feminista” presentando los resultados del proyecto (Aloe Cubero) y elementos pedagógicos para...Read More
