{"id":15,"date":"2022-03-28T12:13:29","date_gmt":"2022-03-28T12:13:29","guid":{"rendered":"https:\/\/www.simref.net\/photovoice\/?page_id=15"},"modified":"2022-07-20T14:15:06","modified_gmt":"2022-07-20T14:15:06","slug":"jornades","status":"publish","type":"page","link":"http:\/\/www.innovaciondocentegenero.eu\/photovoice\/ca\/jornades\/","title":{"rendered":"Jornades"},"content":{"rendered":"\n<hr class=\"wp-block-separator has-alpha-channel-opacity\"\/>\n\n\n\n<div class=\"wp-block-media-text alignwide is-stacked-on-mobile\" style=\"grid-template-columns:20% auto\"><figure class=\"wp-block-media-text__media\"><img loading=\"lazy\" decoding=\"async\" width=\"200\" height=\"284\" src=\"http:\/\/www.innovaciondocentegenero.eu\/photovoice\/wp-content\/uploads\/2022\/06\/cartel-indovig-e1657727129293.png\" alt=\"\" class=\"wp-image-290 size-full\"\/><\/figure><div class=\"wp-block-media-text__content\">\n<p class=\"has-black-color has-text-color\">El passat 2 de juny de 2022 vam dur a terme les jornades finals del projecte on compartim tots els aprenentatges que ens emportem d\u2019aquest projecte. Per a aix\u00f2 comptem amb la participaci\u00f3 de Feminist Educators Against Sexism (LLETGES), companyes australianes que han aportat molt amb el seu saber durant el projecte! A m\u00e9s, vam poder escoltar les veus de les estudiants i les professores implicades en les experi\u00e8ncies de COIL i presentem els principals resultats del projecte. Pots veure els v\u00eddeos de les jornades m\u00e9s a baix!<\/p>\n\n\n\n<p><\/p>\n<\/div><\/div>\n\n\n\n<p class=\"has-text-align-left\"><strong><mark><a href=\"http:\/\/www.innovaciondocentegenero.eu\/photovoice\/wp-content\/uploads\/2022\/06\/cartel-indovig-e1657727129293.png\" target=\"_blank\" rel=\"noreferrer noopener\">Descarrega&#8217;t el cartell de les jornades<\/a><\/mark><\/strong><\/p>\n\n\n\n<div class=\"wp-block-columns is-layout-flex wp-container-core-columns-is-layout-9d6595d7 wp-block-columns-is-layout-flex\">\n<div class=\"wp-block-column is-layout-flow wp-block-column-is-layout-flow\">\n<p><span style=\"color:#000000\" class=\"tadv-color\"><strong>11-11:30<\/strong> \u2013 Presentaci\u00f3 i benvinguda: Laia Rosich Sol\u00e9 <strong>(<\/strong>Directora General per a l\u2019Erradicaci\u00f3 de les Viol\u00e8ncies Masclistes), Carme Ponce Alifonso (Secretaria departament de Pedagogia URV), Barbara Biglia (IP Projecte)<\/span><\/p>\n\n\n\n<hr class=\"wp-block-separator has-alpha-channel-opacity\"\/>\n\n\n\n<p class=\"has-black-color has-text-color\"><strong>11:30-13<\/strong> \u2013 Confer\u00e0ncia FEAS: <em>Using the arts, humour, and irreverence to interrupt everyday sexisms in higher education.&nbsp;<\/em>#FEAS, Feminist Educators Against Sexism (Mindy Blaise, Emily Gray, Jo Pollitt), Modera:&nbsp;In\u00e9s Garc\u00eda (URV)<\/p>\n\n\n\n<hr class=\"wp-block-separator has-alpha-channel-opacity\"\/>\n\n\n\n<p class=\"has-black-color has-text-color\"><strong>13:15-14:30 <\/strong>\u2013 Taula professores: Esther Luna (UB), Mar\u00eda Jos\u00e9 Rubio (UCM), Alejandra Araiza (UAEH), Beatriz Soria (UNCUYO). Modera: Aloe Cubero (URV).<\/p>\n<\/div>\n\n\n\n<div class=\"wp-block-column is-layout-flow wp-block-column-is-layout-flow\">\n<p><span style=\"color:#000000\" class=\"tadv-color\"><strong>16- 17:15 <\/strong>\u2013 Taula estudiants: . Paula Gallardo (UPV\/EHU), Dulce Guadalupe Ben\u00edtez (UAEH), Martina Fernanda Losada i Gabriela Usuani (UNCUYO) + altres estudiants participants del COIL. Modera: \u00c1ngela Obeso (URV)<\/span><\/p>\n\n\n\n<hr class=\"wp-block-separator has-alpha-channel-opacity\"\/>\n\n\n\n<p><span style=\"color:#000000\" class=\"tadv-color\"><strong>17:15 \u2013 19<\/strong> \u2013 Taula projecte: Barbara Biglia (URV), Jordi Bonet (UB), Aloe Cubero (URV) Modera: Apen Ruiz (IES)<\/span><\/p>\n<\/div>\n<\/div>\n\n\n\n<div style=\"height:47px\" aria-hidden=\"true\" class=\"wp-block-spacer\"><\/div>\n\n\n\n<hr class=\"wp-block-separator aligncenter has-text-color has-black-color has-alpha-channel-opacity has-black-background-color has-background is-style-wide\"\/>\n\n\n\n<p><\/p>\n\n\n\n<h2 class=\"has-black-color has-text-color wp-block-heading\">V\u00eddeos de les jornades<\/h2>\n\n\n\n<div class=\"wp-block-columns is-layout-flex wp-container-core-columns-is-layout-9d6595d7 wp-block-columns-is-layout-flex\">\n<div class=\"wp-block-column is-layout-flow wp-block-column-is-layout-flow\">\n<figure class=\"wp-block-embed is-type-video is-provider-youtube wp-block-embed-youtube wp-embed-aspect-16-9 wp-has-aspect-ratio\"><div class=\"wp-block-embed__wrapper\">\n<iframe loading=\"lazy\" title=\"Jornadas finales PhV_SeGReV: Presentaci\u00f3n y bienvenida\" width=\"640\" height=\"360\" src=\"https:\/\/www.youtube.com\/embed\/L8rJebImtxY?list=PLfIk1-G-yMHsyOO0DWdPGBCVXutN9Mt-p\" frameborder=\"0\" allow=\"accelerometer; autoplay; clipboard-write; encrypted-media; gyroscope; picture-in-picture; web-share\" referrerpolicy=\"strict-origin-when-cross-origin\" allowfullscreen><\/iframe>\n<\/div><figcaption><em><span style=\"color:#000000\" class=\"tadv-color\">Jornadas finales PhV_SeGReV: Presentaci\u00f3n y bienvenida<br><\/span><\/em><\/figcaption><\/figure>\n<\/div>\n\n\n\n<div class=\"wp-block-column is-layout-flow wp-block-column-is-layout-flow\">\n<figure class=\"wp-block-embed is-type-video is-provider-youtube wp-block-embed-youtube wp-embed-aspect-16-9 wp-has-aspect-ratio\"><div class=\"wp-block-embed__wrapper\">\n<iframe loading=\"lazy\" title=\"Final conference PhV_SeGReV: Feminist Educators Against Sexism (FEAS)\" width=\"640\" height=\"360\" src=\"https:\/\/www.youtube.com\/embed\/6Wz-L9Yon88?list=PLfIk1-G-yMHsyOO0DWdPGBCVXutN9Mt-p\" frameborder=\"0\" allow=\"accelerometer; autoplay; clipboard-write; encrypted-media; gyroscope; picture-in-picture; web-share\" referrerpolicy=\"strict-origin-when-cross-origin\" allowfullscreen><\/iframe>\n<\/div><figcaption><em><span style=\"color:#000000\" class=\"tadv-color\">Final conference PhV_SeGReV: Feminist Educators Against Sexism (FEAS)<\/span><\/em><br><\/figcaption><\/figure>\n<\/div>\n<\/div>\n\n\n\n<div class=\"wp-block-columns is-layout-flex wp-container-core-columns-is-layout-9d6595d7 wp-block-columns-is-layout-flex\">\n<div class=\"wp-block-column is-layout-flow wp-block-column-is-layout-flow\">\n<figure class=\"wp-block-embed is-type-video is-provider-youtube wp-block-embed-youtube wp-embed-aspect-16-9 wp-has-aspect-ratio\"><div class=\"wp-block-embed__wrapper\">\n<iframe loading=\"lazy\" title=\"Jornadas finales PhV_SeGReV: Experiencias de profesoras implementando photovoice en el aula\" width=\"640\" height=\"360\" src=\"https:\/\/www.youtube.com\/embed\/LvNgpCH7Abg?list=PLfIk1-G-yMHsyOO0DWdPGBCVXutN9Mt-p\" frameborder=\"0\" allow=\"accelerometer; autoplay; clipboard-write; encrypted-media; gyroscope; picture-in-picture; web-share\" referrerpolicy=\"strict-origin-when-cross-origin\" allowfullscreen><\/iframe>\n<\/div><figcaption><em><span style=\"color:#000000\" class=\"tadv-color\">Jornadas finales PhV_SeGReV: Experiencias de profesoras implementando photovoice en el aula<\/span><\/em><br><\/figcaption><\/figure>\n<\/div>\n\n\n\n<div class=\"wp-block-column is-layout-flow wp-block-column-is-layout-flow\">\n<figure class=\"wp-block-embed is-type-video is-provider-youtube wp-block-embed-youtube wp-embed-aspect-16-9 wp-has-aspect-ratio\"><div class=\"wp-block-embed__wrapper\">\n<iframe loading=\"lazy\" title=\"Jornadas finales PhV_SeGReV: Experiencias de estudiantes con la t\u00e9cnica del photovoice\" width=\"640\" height=\"360\" src=\"https:\/\/www.youtube.com\/embed\/XJLikcsiR0s?list=PLfIk1-G-yMHsyOO0DWdPGBCVXutN9Mt-p\" frameborder=\"0\" allow=\"accelerometer; autoplay; clipboard-write; encrypted-media; gyroscope; picture-in-picture; web-share\" referrerpolicy=\"strict-origin-when-cross-origin\" allowfullscreen><\/iframe>\n<\/div><figcaption><em><span style=\"color:#000000\" class=\"tadv-color\">Jornadas finales PhV_SeGReV: Experiencias de estudiantes con la t\u00e9cnica del photovoice<\/span><\/em><br><\/figcaption><\/figure>\n<\/div>\n<\/div>\n\n\n\n<div class=\"wp-block-columns is-layout-flex wp-container-core-columns-is-layout-9d6595d7 wp-block-columns-is-layout-flex\">\n<div class=\"wp-block-column is-layout-flow wp-block-column-is-layout-flow\">\n<figure class=\"wp-block-embed is-type-video is-provider-youtube wp-block-embed-youtube wp-embed-aspect-16-9 wp-has-aspect-ratio\"><div class=\"wp-block-embed__wrapper\">\n<iframe loading=\"lazy\" title=\"Jornadas finales PhV_SeGReV: Algunas reflexiones sobre el proyecto\" width=\"640\" height=\"360\" src=\"https:\/\/www.youtube.com\/embed\/cE052rWCIRQ?list=PLfIk1-G-yMHsyOO0DWdPGBCVXutN9Mt-p\" frameborder=\"0\" allow=\"accelerometer; autoplay; clipboard-write; encrypted-media; gyroscope; picture-in-picture; web-share\" referrerpolicy=\"strict-origin-when-cross-origin\" allowfullscreen><\/iframe>\n<\/div><figcaption><em><span style=\"color:#000000\" class=\"tadv-color\">Jornadas finales PhV_SeGReV: Algunas reflexiones sobre el proyecto<\/span><\/em><br><\/figcaption><\/figure>\n<\/div>\n\n\n\n<div class=\"wp-block-column is-layout-flow wp-block-column-is-layout-flow\">\n<figure class=\"wp-block-embed is-type-video is-provider-youtube wp-block-embed-youtube wp-embed-aspect-16-9 wp-has-aspect-ratio\"><div class=\"wp-block-embed__wrapper\">\n<iframe loading=\"lazy\" title=\"Jornadas finales PhV_SeGReV: Resultados principales del proyecto\" width=\"640\" height=\"360\" src=\"https:\/\/www.youtube.com\/embed\/ttgev_8aQHc?list=PLfIk1-G-yMHsyOO0DWdPGBCVXutN9Mt-p\" frameborder=\"0\" allow=\"accelerometer; autoplay; clipboard-write; encrypted-media; gyroscope; picture-in-picture; web-share\" referrerpolicy=\"strict-origin-when-cross-origin\" allowfullscreen><\/iframe>\n<\/div><figcaption><span style=\"color:#000000\" class=\"tadv-color\"><em>Jornadas finales PhV_SeGReV: Resultados principales del proyecto<\/em><\/span><br><\/figcaption><\/figure>\n<\/div>\n<\/div>\n","protected":false},"excerpt":{"rendered":"<p>El passat 2 de juny de 2022 vam dur a terme les jornades finals del projecte on compartim tots els aprenentatges que ens emportem d\u2019aquest projecte. Per a aix\u00f2 comptem<a href=\"http:\/\/www.innovaciondocentegenero.eu\/photovoice\/ca\/jornades\/\">&#8230;Read More<\/a><\/p>\n","protected":false},"author":2,"featured_media":0,"parent":0,"menu_order":2,"comment_status":"closed","ping_status":"closed","template":"page-fullwidth.php","meta":{"_acf_changed":false,"pgc_sgb_lightbox_settings":"","footnotes":""},"class_list":["post-15","page","type-page","status-publish","hentry"],"acf":[],"yoast_head":"<!-- This site is optimized with the Yoast SEO plugin v27.5 - https:\/\/yoast.com\/product\/yoast-seo-wordpress\/ -->\n<title>Jornades -<\/title>\n<meta name=\"robots\" content=\"index, follow, max-snippet:-1, max-image-preview:large, max-video-preview:-1\" \/>\n<link rel=\"canonical\" href=\"http:\/\/www.innovaciondocentegenero.eu\/photovoice\/ca\/jornades\/\" \/>\n<meta property=\"og:locale\" content=\"es_ES\" \/>\n<meta property=\"og:type\" content=\"article\" \/>\n<meta property=\"og:title\" content=\"Jornades -\" \/>\n<meta property=\"og:description\" content=\"El passat 2 de juny de 2022 vam dur a terme les jornades finals del projecte on compartim tots els aprenentatges que ens emportem d\u2019aquest projecte. Per a aix\u00f2 comptem...Read More\" \/>\n<meta property=\"og:url\" content=\"http:\/\/www.innovaciondocentegenero.eu\/photovoice\/ca\/jornades\/\" \/>\n<meta property=\"article:modified_time\" content=\"2022-07-20T14:15:06+00:00\" \/>\n<meta property=\"og:image\" content=\"http:\/\/www.innovaciondocentegenero.eu\/photovoice\/wp-content\/uploads\/2022\/06\/cartel-indovig-e1657727129293.png\" \/>\n<meta name=\"twitter:card\" content=\"summary_large_image\" \/>\n<meta name=\"twitter:label1\" content=\"Tiempo de lectura\" \/>\n\t<meta name=\"twitter:data1\" content=\"2 minutos\" \/>\n<script type=\"application\/ld+json\" class=\"yoast-schema-graph\">{\"@context\":\"https:\\\/\\\/schema.org\",\"@graph\":[{\"@type\":\"WebPage\",\"@id\":\"http:\\\/\\\/www.innovaciondocentegenero.eu\\\/photovoice\\\/ca\\\/jornades\\\/\",\"url\":\"http:\\\/\\\/www.innovaciondocentegenero.eu\\\/photovoice\\\/ca\\\/jornades\\\/\",\"name\":\"Jornades -\",\"isPartOf\":{\"@id\":\"http:\\\/\\\/www.innovaciondocentegenero.eu\\\/photovoice\\\/#website\"},\"primaryImageOfPage\":{\"@id\":\"http:\\\/\\\/www.innovaciondocentegenero.eu\\\/photovoice\\\/ca\\\/jornades\\\/#primaryimage\"},\"image\":{\"@id\":\"http:\\\/\\\/www.innovaciondocentegenero.eu\\\/photovoice\\\/ca\\\/jornades\\\/#primaryimage\"},\"thumbnailUrl\":\"http:\\\/\\\/www.innovaciondocentegenero.eu\\\/photovoice\\\/wp-content\\\/uploads\\\/2022\\\/06\\\/cartel-indovig-e1657727129293.png\",\"datePublished\":\"2022-03-28T12:13:29+00:00\",\"dateModified\":\"2022-07-20T14:15:06+00:00\",\"breadcrumb\":{\"@id\":\"http:\\\/\\\/www.innovaciondocentegenero.eu\\\/photovoice\\\/ca\\\/jornades\\\/#breadcrumb\"},\"inLanguage\":\"es\",\"potentialAction\":[{\"@type\":\"ReadAction\",\"target\":[\"http:\\\/\\\/www.innovaciondocentegenero.eu\\\/photovoice\\\/ca\\\/jornades\\\/\"]}]},{\"@type\":\"ImageObject\",\"inLanguage\":\"es\",\"@id\":\"http:\\\/\\\/www.innovaciondocentegenero.eu\\\/photovoice\\\/ca\\\/jornades\\\/#primaryimage\",\"url\":\"http:\\\/\\\/www.innovaciondocentegenero.eu\\\/photovoice\\\/wp-content\\\/uploads\\\/2022\\\/06\\\/cartel-indovig-e1657727129293.png\",\"contentUrl\":\"http:\\\/\\\/www.innovaciondocentegenero.eu\\\/photovoice\\\/wp-content\\\/uploads\\\/2022\\\/06\\\/cartel-indovig-e1657727129293.png\",\"width\":200,\"height\":284},{\"@type\":\"BreadcrumbList\",\"@id\":\"http:\\\/\\\/www.innovaciondocentegenero.eu\\\/photovoice\\\/ca\\\/jornades\\\/#breadcrumb\",\"itemListElement\":[{\"@type\":\"ListItem\",\"position\":1,\"name\":\"Portada\",\"item\":\"http:\\\/\\\/www.innovaciondocentegenero.eu\\\/photovoice\\\/ca\\\/el-projecte\\\/\"},{\"@type\":\"ListItem\",\"position\":2,\"name\":\"Jornades\"}]},{\"@type\":\"WebSite\",\"@id\":\"http:\\\/\\\/www.innovaciondocentegenero.eu\\\/photovoice\\\/#website\",\"url\":\"http:\\\/\\\/www.innovaciondocentegenero.eu\\\/photovoice\\\/\",\"name\":\"\",\"description\":\"\",\"potentialAction\":[{\"@type\":\"SearchAction\",\"target\":{\"@type\":\"EntryPoint\",\"urlTemplate\":\"http:\\\/\\\/www.innovaciondocentegenero.eu\\\/photovoice\\\/?s={search_term_string}\"},\"query-input\":{\"@type\":\"PropertyValueSpecification\",\"valueRequired\":true,\"valueName\":\"search_term_string\"}}],\"inLanguage\":\"es\"}]}<\/script>\n<!-- \/ Yoast SEO plugin. -->","yoast_head_json":{"title":"Jornades -","robots":{"index":"index","follow":"follow","max-snippet":"max-snippet:-1","max-image-preview":"max-image-preview:large","max-video-preview":"max-video-preview:-1"},"canonical":"http:\/\/www.innovaciondocentegenero.eu\/photovoice\/ca\/jornades\/","og_locale":"es_ES","og_type":"article","og_title":"Jornades -","og_description":"El passat 2 de juny de 2022 vam dur a terme les jornades finals del projecte on compartim tots els aprenentatges que ens emportem d\u2019aquest projecte. Per a aix\u00f2 comptem...Read More","og_url":"http:\/\/www.innovaciondocentegenero.eu\/photovoice\/ca\/jornades\/","article_modified_time":"2022-07-20T14:15:06+00:00","og_image":[{"url":"http:\/\/www.innovaciondocentegenero.eu\/photovoice\/wp-content\/uploads\/2022\/06\/cartel-indovig-e1657727129293.png","type":"","width":"","height":""}],"twitter_card":"summary_large_image","twitter_misc":{"Tiempo de lectura":"2 minutos"},"schema":{"@context":"https:\/\/schema.org","@graph":[{"@type":"WebPage","@id":"http:\/\/www.innovaciondocentegenero.eu\/photovoice\/ca\/jornades\/","url":"http:\/\/www.innovaciondocentegenero.eu\/photovoice\/ca\/jornades\/","name":"Jornades -","isPartOf":{"@id":"http:\/\/www.innovaciondocentegenero.eu\/photovoice\/#website"},"primaryImageOfPage":{"@id":"http:\/\/www.innovaciondocentegenero.eu\/photovoice\/ca\/jornades\/#primaryimage"},"image":{"@id":"http:\/\/www.innovaciondocentegenero.eu\/photovoice\/ca\/jornades\/#primaryimage"},"thumbnailUrl":"http:\/\/www.innovaciondocentegenero.eu\/photovoice\/wp-content\/uploads\/2022\/06\/cartel-indovig-e1657727129293.png","datePublished":"2022-03-28T12:13:29+00:00","dateModified":"2022-07-20T14:15:06+00:00","breadcrumb":{"@id":"http:\/\/www.innovaciondocentegenero.eu\/photovoice\/ca\/jornades\/#breadcrumb"},"inLanguage":"es","potentialAction":[{"@type":"ReadAction","target":["http:\/\/www.innovaciondocentegenero.eu\/photovoice\/ca\/jornades\/"]}]},{"@type":"ImageObject","inLanguage":"es","@id":"http:\/\/www.innovaciondocentegenero.eu\/photovoice\/ca\/jornades\/#primaryimage","url":"http:\/\/www.innovaciondocentegenero.eu\/photovoice\/wp-content\/uploads\/2022\/06\/cartel-indovig-e1657727129293.png","contentUrl":"http:\/\/www.innovaciondocentegenero.eu\/photovoice\/wp-content\/uploads\/2022\/06\/cartel-indovig-e1657727129293.png","width":200,"height":284},{"@type":"BreadcrumbList","@id":"http:\/\/www.innovaciondocentegenero.eu\/photovoice\/ca\/jornades\/#breadcrumb","itemListElement":[{"@type":"ListItem","position":1,"name":"Portada","item":"http:\/\/www.innovaciondocentegenero.eu\/photovoice\/ca\/el-projecte\/"},{"@type":"ListItem","position":2,"name":"Jornades"}]},{"@type":"WebSite","@id":"http:\/\/www.innovaciondocentegenero.eu\/photovoice\/#website","url":"http:\/\/www.innovaciondocentegenero.eu\/photovoice\/","name":"","description":"","potentialAction":[{"@type":"SearchAction","target":{"@type":"EntryPoint","urlTemplate":"http:\/\/www.innovaciondocentegenero.eu\/photovoice\/?s={search_term_string}"},"query-input":{"@type":"PropertyValueSpecification","valueRequired":true,"valueName":"search_term_string"}}],"inLanguage":"es"}]}},"_links":{"self":[{"href":"http:\/\/www.innovaciondocentegenero.eu\/photovoice\/wp-json\/wp\/v2\/pages\/15","targetHints":{"allow":["GET"]}}],"collection":[{"href":"http:\/\/www.innovaciondocentegenero.eu\/photovoice\/wp-json\/wp\/v2\/pages"}],"about":[{"href":"http:\/\/www.innovaciondocentegenero.eu\/photovoice\/wp-json\/wp\/v2\/types\/page"}],"author":[{"embeddable":true,"href":"http:\/\/www.innovaciondocentegenero.eu\/photovoice\/wp-json\/wp\/v2\/users\/2"}],"replies":[{"embeddable":true,"href":"http:\/\/www.innovaciondocentegenero.eu\/photovoice\/wp-json\/wp\/v2\/comments?post=15"}],"version-history":[{"count":43,"href":"http:\/\/www.innovaciondocentegenero.eu\/photovoice\/wp-json\/wp\/v2\/pages\/15\/revisions"}],"predecessor-version":[{"id":890,"href":"http:\/\/www.innovaciondocentegenero.eu\/photovoice\/wp-json\/wp\/v2\/pages\/15\/revisions\/890"}],"wp:attachment":[{"href":"http:\/\/www.innovaciondocentegenero.eu\/photovoice\/wp-json\/wp\/v2\/media?parent=15"}],"curies":[{"name":"wp","href":"https:\/\/api.w.org\/{rel}","templated":true}]}}